is the units digit of 2733?
3
What is the hundreds digit of 9132?
1
What is the thousands digit of 34638?
4
What is the units digit of 71514?
4
What is the units digit of 1675?
5
What is the units digit of 20966?
6
What is the tens digit of 82504?
0
What is the tens digit of 1042?
4
What is the tens digit of 398?
9
What is the units digit of 7593?
3
What is the tens digit of 52664?
6
What is the tens digit of 88978?
7
What is the hundreds digit of 1580?
5
What is the hundreds digit of 1715?
7
What is the tens digit of 324?
2
What is the hundreds digit of 31572?
5
What is the thousands digit of 3171?
3
What is the hundreds digit of 1870?
8
What is the hundreds digit of 2968?
9
What is the tens digit of 187?
8
What is the units digit of 2050?
0
What is the units digit of 2317?
7
What is the hundreds digit of 5400?
4
What is the thousands digit of 4010?
4
What is the thousands digit of 12052?
2
What is the ten thousands digit of 33816?
3
What is the units digit of 748?
8
What is the thousands digit of 103064?
3
What is the units digit of 65841?
1
What is the tens digit of 1835?
3
What is the tens digit of 262?
6
What is the ten thousands digit of 46014?
4
What is the tens digit of 382?
8
What is the thousands digit of 2566?
2
What is the tens digit of 236?
3
What is the thousands digit of 9693?
9
What is the tens digit of 4798?
9
What is the units digit of 11375?
5
What is the ten thousands digit of 17837?
1
What is the hundreds digit of 42783?
7
What is the units digit of 37765?
5
What is the tens digit of 147556?
5
What is the tens digit of 4284?
8
What is the thousands digit of 24282?
4
What is the ten thousands digit of 12195?
1
What is the units digit of 4671?
1
What is the tens digit of 916?
1
What is the thousands digit of 88863?
8
What is the hundreds digit of 28357?
3
What is the hundreds digit of 41656?
6
What is the hundreds digit of 1232?
2
What is the units digit of 82617?
7
What is the units digit of 3299?
9
What is the units digit of 12156?
6
What is the thousands digit of 3410?
3
What is the thousands digit of 10631?
0
What is the tens digit of 590?
9
What is the thousands digit of 9372?
9
What is the hundreds digit of 1427?
4
What is the ten thousands digit of 50374?
5
What is the hundreds digit of 24027?
0
What is the units digit of 1604?
4
What is the tens digit of 18671?
7
What is the thousands digit of 201704?
1
What is the units digit of 286?
6
What is the tens digit of 18833?
3
What is the thousands digit of 1692?
1
What is the hundreds digit of 2951?
9
What is the thousands digit of 22427?
2
What is the thousands digit of 42443?
2
What is the units digit of 5590?
0
What is the tens digit of 22469?
6
What is the units digit of 715?
5
What is the hundreds digit of 448?
4
What is the tens digit of 26012?
1
What is the units digit of 5595?
5
What is the hundreds digit of 129?
1
What is the hundreds digit of 2599?
5
What is the tens digit of 17997?
9
What is the tens digit of 25879?
7
What is the hundreds digit of 1424?
4
What is the units digit of 37104?
4
What is the hundreds digit of 100766?
7
What is the thousands digit of 1925?
1
What is the hundreds digit of 811?
8
What is the ten thousands digit of 31517?
3
What is the units digit of 34092?
2
What is the thousands digit of 42196?
2
What is the units digit of 4088?
8
What is the thousands digit of 3888?
3
What is the thousands digit of 1552?
1
What is the hundreds digit of 4002?
0
What is the units digit of 2479?
9
What is the tens digit of 19330?
3
What is the units digit of 858?
8
What is the tens digit of 5317?
1
What is the hundreds digit of 36788?
7
What is the hundreds digit of 7048?
0
What is the hundreds digit of 139236?
2
What is the thousands digit of 1632?
1
What is the hundreds digit of 8109?
1
What is the thousands digit of 54558?
4
What is the tens digit of 1556?
5
What is the hundreds digit of 14294?
2
What is the units digit of 20226?
6
What is the ten thousands digit of 43679?
4
What is the tens digit of 4111?
1
What is the thousands digit of 4903?
4
What is the hundreds digit of 8501?
5
What is the hundreds digit of 436?
4
What is the units digit of 3054?
4
What is the tens digit of 92498?
9
What is the hundreds digit of 2135?
1
What is the hundreds digit of 37358?
3
What is the hundreds digit of 5329?
3
What is the tens digit of 636?
3
What is the tens digit of 17940?
4
What is the thousands digit of 1889?
1
What is the hundreds digit of 439?
4
What is the tens digit of 410?
1
What is the thousands digit of 16074?
6
What is the hundreds digit of 23228?
2
What is the tens digit of 10016?
1
What is the tens digit of 78043?
4
What is the units digit of 28586?
6
What is the thousands digit of 61107?
1
What is the tens digit of 35851?
5
What is the tens digit of 1033?
3
What is the hundreds digit of 12314?
3
What is the ten thousands digit of 30038?
3
What is the hundreds digit of 447?
4
What is the tens digit of 1160?
6
What is the hundreds digit of 1900?
9
What is the tens digit of 36637?
3
What is the tens digit of 54036?
3
What is the units digit of 1503?
3
What is the hundreds digit of 252?
2
What is the hundreds digit of 5372?
3
What is the tens digit of 95981?
8
What is the units digit of 5148?
8
What is the tens digit of 4941?
4
What is the hundreds digit of 19777?
7
What is the units digit of 14843?
3
What is the hundreds digit of 15266?
2
What is the units digit of 56395?
5
What is the hundreds digit of 1829?
8
What is the ten thousands digit of 25535?
2
What is the ten thousands digit of 68165?
6
What is the hundreds digit of 16109?
1
What is the units digit of 11920?
0
What is the hundreds digit of 1013?
0
What is the units digit of 84196?
6
What is the tens digit of 128?
2
What is the hundreds digit of 7708?
7
What is the tens digit of 193?
9
What is the thousands digit of 15428?
5
What is the ten thousands digit of 10877?
1
What is the tens digit of 987?
8
What is the hundreds digit of 9965?
9
What is the thousands digit of 1051?
1
What is the thousands digit of 22129?
2
What is the tens digit of 2309?
0
What is the ten thousands digit of 26985?
2
What is the units digit of 2350?
0
What is the tens digit of 6208?
0
What is the units digit of 3323?
3
What is the hundreds digit of 1687?
6
What is the thousands digit of 26403?
6
What is the hundreds digit of 75836?
8
What is the hundreds digit of 28043?
0
What is the units digit of 18856?
6
What is the ten thousands digit of 95387?
9
What is the tens digit of 21013?
1
What is the thousands digit of 1815?
1
What is the ten thousands digit of 10970?
1
What is the hundreds digit of 25587?
5
What is the hundreds digit of 30061?
0
What is the thousands digit of 14544?
4
What is the units digit of 4699?
9
What is the thousands digit of 2222?
2
What is the units digit of 2346?
6
What is the hundreds digit of 35483?
4
What is the thousands digit of 1488?
1
What is the hundreds digit of 4926?
9
What is the hundreds digit of 443?
4
What is the units digit of 6110?
0
What is the thousands digit of 7819?
7
What is the hundreds digit of 2380?
3
What is the hundreds digit of 10779?
7
What is the ten thousands digit of 12187?
1
What is the tens digit of 4343?
4
What is the tens digit of 15667?
6
What is the tens digit of 40525?
2
What is the tens digit of 4534?
3
What is the tens digit of 866?
6
What is the thousands digit of 47116?
7
What is the units digit of 43824?
4
What is the thousands digit of 19402?
9
What is the hundreds digit of 2230?
2
What is the units digit of 2328?
8
What is the tens digit of 6456?
5
What is the units digit of 2060?
0
What is the hundreds digit of 500?
5
What is the tens digit of 14048?
4
What is the tens digit of 3955?
5
What is the tens digit of 133?
3
What is the units digit of 8424?
4
What is the tens digit of 2657?
5
What is the units digit of 4877?
7
What is the thousands digit of 25356?
5
What is the hundreds digit of 1203?
2
What is the tens digit of 430?
3
What is the hundreds digit of 149819?
8
What is the units digit of 26563?
3
What is the hundreds digit of 7972?
9
What is the units digit of 83841?
1
What is the units digit of 1755?
5
What is the hundreds digit of 40225?
2
What is the units digit of 5014?
4
What is the units digit of 1251?
1
What is the tens digit 